and k.
21
Suppose 4*w + f = 42, -w + 11 - 3 = -f. Let p be ((-8)/w)/((-2)/20). Calculate the greatest common divisor of p and 4.
4
Suppose -8*m - 10 = -13*m. Calculate the highest common factor of 4 and m.
2
Suppose -l + 19 = 2*h + h, h - 2*l + 3 = 0. Suppose -3*k - 408 = 402. Let v be k*1/h*-2. Calculate the greatest common divisor of v and 12.
12
Let k be 1/(-4) - 808/(-32). Calculate the greatest common factor of 125 and k.
25
Suppose 0 = o - 3 - 9. Suppose 5*u = u + 96. Calculate the highest common factor of o and u.
12
Let x be (-84)/(-10)*15/6. Let q be 16/(-3) - 2/3. Let v be (-18)/4*4/q. Calculate the highest common divisor of x and v.
3
Suppose g - 3*g = -10, -g = 3*s + 19. Let u be (-12)/s + 7/2. Suppose -26 - 74 = -u*k. What is the greatest common factor of 10 and k?
10
Let v(d) = -d**2 + 8*d - 5. Let c be v(7). What is the greatest common factor of 8 and c?
2
Suppose 0*n = -3*n + 432. Let x = -706 - -724. What is the greatest common factor of x and n?
18
Let r(i) = 2*i**2 + 26*i - 18. Let x be r(-16). What is the highest common divisor of x and 26?
26
Let u be (-699)/(-21) - 4/14. Let g = u - 7. Calculate the highest common factor of g and 39.
13
Let q be 6*31 + (5 - 4). Let m be (12 + -46)/((-2)/(-1) + -4). What is the greatest common divisor of q and m?
17
Suppose -c + 133 = 9*k - 4*k, 0 = 2*k. Suppose -s + 3*o + 21 + 1 = 0, -36 = -3*s + 3*o. Suppose x - 12 = s. Calculate the highest common factor of c and x.
19
Suppose -7 - 5 = -3*r. Calculate the greatest common divisor of r and 16.
4
Let r be 9/2*(9 + 1). Let h(t) = -5*t - 1. Suppose 0 = -3*v + 7*v + 8. Let w be h(v). Calculate the greatest common factor of w and r.
9
Let m = 4 - 6. Let b be 6 - (m/(-1) - 0). Let q be 2 - (b/(-2) + -2). Calculate the highest common divisor of 30 and q.
6
Let k be (-6)/21 + (-16)/(-7). Let w be -4 + 2 + 24/k. Suppose -5*a - 8 = -3*v + 7, a + w = 2*v. What is the greatest common factor of 40 and v?
5
Let j(r) = 3*r - 3. Let k be j(3). Let t(n) = -n**3 + 6*n**2 + n. Let s be t(6). Calculate the greatest common divisor of s and k.
6
Suppose -34 = -l + 3*w + 70, 3*w = 5*l - 496. Let x be (-5)/((2 - -1)/(-15)). Let p be (-69)/(-5) + 5/x. Calculate the greatest common factor of l and p.
14
Suppose -4*x = -0 - 8. Suppose -4*d + f = 69, 0 = -x*f - 2 + 4. Let n = 32 + d. Calculate the greatest common factor of n and 75.
15
Suppose 240 = 4*z + z. Suppose -3*i = x + 9, -35 = -5*x - 0*i + i. What is the greatest common divisor of z and x?
6
Let n = 58 + -42. Calculate the highest common divisor of 160 and n.
16
Suppose 0 = 2*s - 69 - 129. What is the greatest common factor of 11 and s?
11
Suppose -4*j + 33 = -l, -3*j - 4*l = j - 28. What is the highest common factor of j and 20?
4
Suppose -4*q = q - 150. Let n be (-490)/(-28)*(2 + 10). What is the greatest common divisor of n and q?
30
Let m be 4 - 2 - (-390)/30. Let c be (5/2)/((-2)/(-4)). What is the greatest common divisor of c and m?
5
Let g = -16 - -11. Suppose 4*i - 2*m = -8, -10 = 5*i - 0*i + 5*m. Let o = i - g. What is the highest common divisor of 3 and o?
3
Let w be -3 + 0 - 5/((-35)/91). What is the greatest common factor of 30 and w?
10
Let z be 6*(-2 - 12/(-9)). Let y(j) = -12*j. Let t be y(z). Let o = 21 - 5. What is the greatest common divisor of t and o?
16
Let m be 22 - 2/(-3)*-3. Suppose -21 = -2*s - 5. What is the greatest common divisor of s and m?
4
Let c be (-5)/(20/9)*-20. What is the greatest common factor of 15 and c?
15
Let p be (2 - 1)/(4/44). Calculate the greatest common divisor of 44 and p.
11
Suppose -3*r = r - 60. Let p = r - -33. Calculate the highest common divisor of 12 and p.
12
Suppose -4*v = 3*p + 3, -4 = -v + 3*p - 1. Suppose v*k = -5*k + 35. Calculate the greatest common divisor of k and 63.
7
Suppose -i = -8 - 7. Calculate the greatest common factor of i and 105.
15
Let z(a) = a**3 - 5*a**2 + 2*a - 7. Let p be z(5). What is the greatest common factor of p and 33?
3
Let m = 74 - 68. Calculate the greatest common divisor of 36 and m.
6
Let z be 6 - (-138)/(-24) - (-206)/8. What is the greatest common factor of z and 26?
26
Suppose 8*h - 3*h + 10 = 0. Let m = 24 + h. What is the greatest common divisor of 88 and m?
22
Let q be 49/3 + (-11)/33 - -3. What is the highest common divisor of q and 209?
19
Let p(n) = -n**3 + 12*n**2 + n - 7. Let o be p(12). Suppose a + 4*i - 8 = 7*i, 21 = o*a + 4*i. What is the greatest common factor of a and 55?
5
Suppose -3*p + 7 = 4*h - 63, 70 = 5*p - 5*h. Let j(k) = 10*k - 6. Let m be j(6). What is the greatest common divisor of m and p?
18
Let y be 9/(27/(-6)) + 136. Suppose -5*r + y = 19. What is the highest common divisor of 46 and r?
23
Let r(a) = -a**2 + a + 4. Let t be r(3). Let z = t + 5. Suppose 17 = z*o - 10. What is the highest common factor of o and 3?
3
Let v = 53 + -17. Suppose 3*k = -k - 12. Let a be k/2*(-12)/2. Calculate the highest common factor of a and v.
9
Let c = 7 - 7. Suppose c = -3*d + 18 + 6. Suppose -5*p + 128 = d. What is the greatest common divisor of p and 12?
12
Let k be (2/3)/((-20)/(-5610)). What is the greatest common factor of k and 11?
11
Suppose -4*f + 4*u = 6*u - 12, -5*f = 2*u - 16. Let m = -30 + 46. Calculate the greatest common factor of m and f.
4
Let k(c) = c**3 + 8*c**2 + 6*c + 5. Let g be -1*(-14)/4*-2. Let t be k(g). Calculate the highest common factor of t and 108.
12
Let r be 123 + 1 + (-2 - -4). Let g be ((-28)/(-6))/(1/3). What is the highest common divisor of g and r?
14
Let k = 461 - 291. Let v = 357 - k. Let i(m) = -m + 10. Let h be i(-7). What is the highest common factor of h and v?
17
Let k = 18 - 14. Suppose -4*u + 49 = 2*d + d, 3*u = -k*d + 28. Calculate the greatest common divisor of 8 and u.
8
Suppose s + 2 = 42. Let x(z) be the first derivative of z**3/3 + z**2 - 8*z + 3. Let t be x(-6). Calculate the highest common factor of s and t.
8
Suppose 251 = 5*n + 3*h, 3*h - 43 = -0*n - n. Calculate the highest common factor of n and 26.
26
Suppose -5*h = -2*n + 5*n - 15, -2*h = 4*n - 6. Suppose -2*l + 5 + 1 = n. What is the highest common divisor of 6 and l?
3
Let t = -57 + 85. Calculate the greatest common factor of t and 14.
14
Let j = -108 - -152. What is the highest common divisor of j and 110?
22
Let t(k) = 3 - 3*k**2 + 1 - 12*k**2 + k**3. Let p be t(15). What is the highest common divisor of p and 4?
4
Let n be (4 - (0 - -1))*-1. Let s be 30/8 - (-1)/4. Let v = s + n. What is the greatest common factor of 3 and v?
1
Let s(m) = -2*m**3 - m**2 - m. Let y be s(-1). Suppose -d - 32 = -3*d + 3*p, -y*d = 2*p - 32. Calculate the greatest common factor of d and 80.
16
Let d be (-30)/(-4)*16/(-24). Let w = d - -7. What is the greatest common factor of w and 8?
2
Let v(q) = -q + 5. Let o be v(9). Let f be o/(-5)*-4*-5. Calculate the highest common divisor of 48 and f.
16
Suppose 0 = -g - 0*g + 1. What is the greatest common divisor of 11 and g?
1
Suppose 7*c + 72 = 3*c. Let v be (-1320)/c*6/4. What is the highest common factor of v and 10?
10
Let a be (-483)/(-12) + 2/(-8). Let z = 96 + -80. What is the greatest common divisor of a and z?
8
Let y be 0 - (1 + -1) - -22. Suppose 0 = 5*o + m - 4*m + 4, -3*o - 6 = -3*m. Let g be o/2 - (-763)/14. Calculate the highest common divisor of g and y.
11
Let a be ((-12)/(-2))/(6/20). Suppose -a + 1 = -r. What is the highest common factor of r and 76?
19
Let t(d) = -d + 33. Let z be t(0). Suppose -2*i = -0*i - 22. Calculate the greatest common divisor of z and i.
11
Let i = -6 - -11. Suppose -t + 2 = b, -2*b - t - 10 = -i*b. Suppose -b*s + 3*z + 18 = 0, z = 5*s - 2*z - 40. What is the highest common divisor of s and 77?
11
Suppose 3*a = -t - t - 5, 3*a = -4*t + 5. Suppose 0*s - t*s = -45. Let m(o) = -3*o + 21. Let q be m(6). What is the greatest common divisor of s and q?
3
Let g be (13/4)/(6/384). What is the highest common divisor of 26 and g?
26
Let p be 5/10*8 + 5. What is the greatest common divisor of 81 and p?
9
Let l(x) = -x**3 - 5*x**2 + 3. Let j be l(-6). Let i(g) = 2 - 4 + 4*g + 4. Let y be i(6). Calculate the highest common factor of y and j.
13
Suppose -4*i + 2*c = -c - 288, -3*i = -5*c - 216. Let h(m) = 3*m - 9. Let w = -12 + 18. Let d be h(w). Calculate the highest common factor of i and d.
9
Suppose 0 = x + 3*x - 208. Suppose 0 = -2